rmine l(p).
2
Let q(u) = u**3 - 2*u**2 - u - 2. Suppose -1145*i + 126 = -1103*i. Calculate q(i).
4
Let v(w) = 7*w**2 - 22*w + 15*w - 7*w - w**3 + 6. Give v(4).
-2
Let t be (-1 - 20/(-8)) + (-2)/(-4). Let m(n) = -2 + 2 + 1 - t*n. What is m(5)?
-9
Let u(s) be the third derivative of -s**5/60 + s**4/24 - s**3/6 - 32*s**2. Suppose 0 = -3*t - 2*t + 15. Determine u(t).
-7
Let q(a) be the first derivative of -3*a**2 - 2*a + 2*a**3 - 7 - 1/4*a**4. Give q(5).
-7
Let a(l) = -l**2 - 16*l - 13. Let o be a(-15). Suppose -2 = -o*t - 12. Let j(b) = 5*b - 10. Let g(z) = z - 1. Let y(w) = -6*g(w) + j(w). Give y(t).
1
Let z(f) = f + 5. Let b = -951 + 947. Give z(b).
1
Let o be 8/4*4 - 4. Suppose k + 2 = s + 3, -s = o*k + 11. Let t(l) = -l + 1. Let g(r) = r**3 + r**2 - 4*r + 2. Let i(u) = g(u) - 2*t(u). Determine i(k).
0
Let k(i) = i**2 - 5*i + 5. Let n(r) = -3*r - 1. Let b be n(-1). Let w be k(b). Let d(h) = -6*h + 1. What is d(w)?
7
Let u(r) be the third derivative of -r**8/20160 + r**7/504 + r**6/360 + 3*r**5/10 + 24*r**2. Let h(x) be the third derivative of u(x). Determine h(10).
2
Let s(q) = -q**2 + 2. Suppose 5*o - 19 - 1 = 0. Suppose -2*n + o + 0 = 0. Let d be s(n). Let k(l) = 5*l. Calculate k(d).
-10
Let q(z) = -z**3 + 13*z**2 + 50*z - 34. Let w be q(16). Let v(c) = -4*c - 13. Calculate v(w).
-5
Let r(m) = 6*m**3 - 6*m**2 + 2*m + 9. Let v(q) = -12*q**3 + 11*q**2 - 4*q - 16. Let c(p) = -7*r(p) - 4*v(p). What is c(2)?
45
Let l(n) = 69 - 4*n - 61 + 3*n. Let j be -7 + (6/(-2))/1. Let r = 17 + j. Determine l(r).
1
Let k(t) = t**3 - 4*t**2 + 2. Suppose -3*m + 2*n = -2*m - 21, 0 = 2*m + n - 32. Suppose -i + m = 38. Let s = 25 + i. What is k(s)?
2
Let k(h) = -h**3 - 15*h**2 + 8*h + 9. Let o(m) = 2*m + 2. Let q(n) = k(n) + 4*o(n). What is q(-16)?
17
Let z(b) = -36 + 6*b + 13 + 11 + 10. Let c = 3 + -1. Calculate z(c).
10
Let t(n) = 57*n**2 - 16*n - 10. Let b(z) = -z**2 - 3*z - 2. Let m(s) = 5*b(s) - t(s). Calculate m(-1).
-63
Let c(k) = 9*k**3 + 6*k**2 + k - 9. Let g(a) = -11*a**3 - 7*a**2 - a + 10. Let i(v) = -6*c(v) - 5*g(v). Give i(-2).
-6
Let u = 359 + -356. Let x(l) be the first derivative of 5 + 1/2*l**2 + l - 1/3*l**u - l**4. Determine x(-1).
3
Let n be (-32)/(-6)*(-33)/22. Let a(u) = -10*u + 4*u + 3*u + 2*u + 2. What is a(n)?
10
Let h(o) = -7*o + 38. Let b be h(7). Let i(m) = m + 11. What is i(b)?
0
Let j(c) = 11*c + 1. Let w(b) = -b**3 + 7*b**2 - 4*b - 14. Suppose -32*x = -37*x + 30. Let q be w(x). Give j(q).
-21
Let t(u) be the second derivative of -u**4/12 + 5*u**3/3 - 4*u**2 - 129*u - 1. Determine t(10).
-8
Let o be (-228)/2394 - (-1004)/(-42). Let k(j) = -j - 18. Calculate k(o).
6
Suppose 0 = -7*g + 12*g - 45. Let p(x) = x**2 - 10*x + 9. What is p(g)?
0
Let k(q) = 373*q**2 - 5*q - 5 - 188*q**2 - 186*q**2. What is k(-6)?
-11
Let h(r) = r - 6. Suppose 5*i + 2*i + 0*i = 0. Let w(t) = 6*t - 3. Let m be w(3). Suppose i = -2*j - j + m. What is h(j)?
-1
Let v(t) = -3*t**2 + 3*t - 7. Let b(q) = 2*q**2 - 2*q + 6. Let j(d) = 4*b(d) + 3*v(d). Let f = 76 - 104. Let r = 28 + f. Calculate j(r).
3
Let d(l) = 11*l**2 + 4*l + 6. Let s(u) = 4*u**2 + u + 2. Let t(b) = -5*d(b) + 14*s(b). Let n be (-3)/(-6) - 26/(-4). Determine t(n).
5
Let s(u) = 4*u**2 - 2. Let w be 2 + (-4)/(-4) + 1. Suppose -w = -q - q. Give s(q).
14
Let g(h) = 9 + 2 - h + 8 - 9 - 1. Give g(6).
3
Let m = -30 + 41. Let y(b) = b + m - 5 - 2. Determine y(-4).
0
Let y(t) be the second derivative of 1/20*t**5 + 36*t + 0 + 5/12*t**4 + 0*t**3 - 1/2*t**2. Give y(-4).
15
Let j(f) be the third derivative of 0*f + 0*f**3 - 6*f**2 + 0 + 1/8*f**4. Let t(o) = -o - 1. Let i(h) = -j(h) + 3*t(h). Calculate i(-2).
9
Let h(m) = -m**3 - 5*m**2 + 11*m - 17. Let c be h(-7). Let z(b) = -33*b - 2*b**2 - c + 35*b + 3 - 3*b**3. What is z(1)?
-4
Let k(a) = a - 1. Let n(i) be the second derivative of -3*i**5/20 + i**3/6 - i**2/2 + 3*i. Suppose z = 3*q + 2*z, -5*q = 3*z + 4. Let m be n(q). Give k(m).
-4
Let g(s) = s**2 - 4*s - 2. Let l(n) = -33 - 3*n**2 - 32 + 97 + 12*n - 26. Let z(u) = -17*g(u) - 6*l(u). Let p be -5*(-1*1)/1. Determine z(p).
3
Let c(r) = r**2 + 7*r - 2. Suppose -661*h + 669*h = -40. Give c(h).
-12
Let t(r) = -r + 9. Suppose -5*h + 55 = 4*j, -3*h + 43 - 17 = j. Give t(h).
2
Let h(o) = -34 + o + 26 - o**3 + 2*o - 4*o + 22. What is h(0)?
14
Suppose 10 = -0*z + 5*z. Let v(y) = 13*y. Let g(t) = 35*t. Let m(h) = 3*g(h) - 8*v(h). Calculate m(z).
2
Suppose -4*n + 6 = -2. Suppose -11 = f - n*f. Suppose 0 = -4*p + 1 + f. Let k(q) = q**2 - 4*q + 2. Calculate k(p).
-1
Let u(o) = -o**2 - 2*o - 1. Let s be u(-4). Let x be 0 + 0/(-4 - s). Let p(a) = -a + x + 0*a + 1 - 4. Determine p(5).
-8
Let c(i) = i**3 - 11*i**2 - 3*i + 26. Suppose -48*m = -67*m + 209. What is c(m)?
-7
Let g(x) = -x**2 - 7*x - 2. Let j = -10 - -4. Let p = j - -9. Let w(c) = -c - 3. Let m be w(p). Determine g(m).
4
Suppose -45*w = -48*w - 27. Let i(g) = g**3 + 9*g**2 + 2*g + 13. Give i(w).
-5
Let r(s) = s**2 + 6*s + 3. Let w be r(-2). Let l(x) = -194 + 66 + 63 - 3*x + 64 + 2*x. Determine l(w).
4
Let n(c) = c + 1 - 1 - 1 + 3. Let o be ((-8)/10)/(5 - 345/75). Determine n(o).
0
Let v be (-12)/(-8)*(-16)/(-6). Let n(t) = -4*t + 9*t**2 - t**3 + 4 + 2*t - 3*t**2 - 2*t**2 - 1. Calculate n(v).
-5
Suppose -4*d - 54 = -7*d. Suppose 0*n - 2*n + d = 0. Suppose -q - 16 = -n. Let o(k) = -k**2 - 7*k - 4. Give o(q).
-4
Let d(v) be the third derivative of 0*v - 11*v**2 + 0 + 1/6*v**3 - 1/24*v**4. Let r = -11 - -16. Determine d(r).
-4
Let k = 34 - 34. Suppose 5*g - 4*n - 15 = -0, k = -3*g + n + 9. Let z(x) = -2*x - 2*x + 0*x. Determine z(g).
-12
Let i be -4*1/(-2) - (-12 - -11). Suppose -i*f + 0 = 6. Let m(a) = a**3 + 2*a**2 + 2. Calculate m(f).
2
Let r = -69 - -71. Let m(h) = h - 4*h**2 - 5*h**2 + 11 + 10*h**r + 4. What is m(0)?
15
Suppose 0 = -3*l - 0*l - 2*w + 8, 5*l + 4*w = 12. Suppose 34 + 8 = -5*h + l*y, 0 = h + y + 3. Let q(a) = a**3 + 7*a**2 + 9*a + 7. What is q(h)?
-11
Let g(b) = -2*b + 3. Let n(t) = t - 1. Let s be n(4). Let l be g(s). Let r = -4 - l. Let u(z) = -z**2 - z. Determine u(r).
0
Let f(t) = -t - 2. Let n(k) = -3 + 0 + 1 + 3. Let m(w) = f(w) - 2*n(w). Let r = -16 + 10. Determine m(r).
2
Let g(v) = -5*v - 5. Let n(s) = 11*s + 9. Let y(f) = 13*g(f) + 6*n(f). Let p be y(13). Let m(j) = 20*j**3 - 2*j**2 - 22*j**3 + j**p. Determine m(-2).
12
Suppose -4*d + 20 = d. Let v(j) = -87*j + 173*j - 5 - 85*j + 2 - j**3 - 2 + 4*j**2. Give v(d).
-1
Let i = 8 + -6. Let q(w) = -w**3 + 12*w**2 + 13*w + 2. Let y be q(13). Let s(p) = 3*p**y + 152*p - 74*p - 80*p - 2. Give s(i).
6
Let s(r) = -4*r + 5. Let m = 9 + -44. Let f be (m/15 + 2)*12. What is s(f)?
21
Let m(w) = w**3 - 6*w**2 - 2*w + 6. Let n be (1 - 5/(-2))*(-684)/(-399). What is m(n)?
-6
Suppose 4*b = -o + 26, -o + 3*o = -3*b + 27. Let i(q) = -q**2 + 9*q - 4. Calculate i(o).
14
Suppose -8*l + 4*l - 4 = -2*j, -5*j + 5*l + 15 = 0. Let w(i) = 3*i - 6. Determine w(j).
6
Let d be (-5)/(-2 + 7)*5. Let o(i) = -3*i + 6*i - 2*i + 3. Determine o(d).
-2
Let h(d) be the second derivative of d**5/20 + d**4/12 - 2*d**3/3 - d**2 - 37*d. Let t(f) = -f**3 - 2*f**2 + 3*f + 1. Let s(b) = 4*h(b) + 5*t(b). What is s(-6)?
3
Let r be (-6 + 7)/((-3 - -3) + 1). Let q(p) = -8*p**2 - p - 3. Let f(c) = 9*c**2 + c + 4. Let t(m) = -3*f(m) - 4*q(m). Calculate t(r).
6
Let g(s) be the second derivative of s**4/12 - 4*s**3/3 - s**2/2 + 115*s + 1. Calculate g(8).
-1
Let c = -24 + 26. Let a(v) = 3*v + 5 + 4*v - 2*v**c + 1 - v**2 - v**3. Let t be a(-4). Let y(f) = -2*f - 5. Determine y(t).
7
Let g(i) be the first derivative of -i**2/2 - 3*i - 365. Determine g(9).
-12
Suppose -4*w - 24 = -3*m, -9 - 6 = 5*w. Let r(x) = 8 - 29 + 10 + 2 + 8 + x. Give r(m).
3
Suppose -7*b - 87 = -6*b. Let j = b + 92. Let u(v) = v - 1. Determine u(j).
4
Let s(d) = 7 - d**2 - 2*d + 1 - 2*d**2 + 6 - d**3 - 10. What is s(-4)?
28
Let s(r) = 20*r - 1546*r**2 + r**3 + 3099*r**2 - 20*r - 1548*r**2 - 6. Let o(x) = -4*x**2 - x. Let b be o(1). Determine s(b).
-6
Let g(x) = -5*x + 3*x**2 - 146*x**3 + 145*x**3 - 4 - 4*x**2. What is g(-2)?
10
Let w(k) = 4*k - 29. Let f = -346 - -355. Give w(f).
7
Let o(d) = 4*d. Suppose 4*x + 2 = 14. Let m be 6/24 - 19/(-4). Suppose -b = -m + x. Determine o(b).
8
Let a(p) = -p**3 + 7*p**2 - 10*p - 1. Let n = -342 + 347. Calculate a(n).
-1
Let s(f) be th